{"id":85,"date":"2019-06-30T14:30:02","date_gmt":"2019-06-30T14:30:02","guid":{"rendered":"http:\/\/anyapicilanya.hu\/?page_id=85"},"modified":"2019-11-01T15:43:53","modified_gmt":"2019-11-01T15:43:53","slug":"kezdolap","status":"publish","type":"page","link":"http:\/\/anyapicilanya.hu\/?page_id=85","title":{"rendered":"Kezd\u0151lap"},"content":{"rendered":"\n<p style=\"text-align:left\">Ez egy minden egyben oldal, amit egy elszabadult 40+-os l\u00f6k\u00f6tt ty\u00fak \u00edrogathat, korl\u00e1tok n\u00e9lk\u00fcl, pont \u00fagy, ahogy \u00e9ppen azt a kedve tartja \ud83d\ude42<\/p>\n","protected":false},"excerpt":{"rendered":"<p>Ez egy minden egyben oldal, amit egy elszabadult 40+-os l\u00f6k\u00f6tt ty\u00fak \u00edrogathat, korl\u00e1tok n\u00e9lk\u00fcl, pont \u00fagy, ahogy \u00e9ppen azt a kedve tartja \ud83d\ude42<\/p>\n","protected":false},"author":1,"featured_media":0,"parent":0,"menu_order":0,"comment_status":"closed","ping_status":"closed","template":"","meta":{"footnotes":""},"class_list":["post-85","page","type-page","status-publish","hentry","entry","simple"],"_links":{"self":[{"href":"http:\/\/anyapicilanya.hu\/index.php?rest_route=\/wp\/v2\/pages\/85"}],"collection":[{"href":"http:\/\/anyapicilanya.hu\/index.php?rest_route=\/wp\/v2\/pages"}],"about":[{"href":"http:\/\/anyapicilanya.hu\/index.php?rest_route=\/wp\/v2\/types\/page"}],"author":[{"embeddable":true,"href":"http:\/\/anyapicilanya.hu\/index.php?rest_route=\/wp\/v2\/users\/1"}],"replies":[{"embeddable":true,"href":"http:\/\/anyapicilanya.hu\/index.php?rest_route=%2Fwp%2Fv2%2Fcomments&post=85"}],"version-history":[{"count":3,"href":"http:\/\/anyapicilanya.hu\/index.php?rest_route=\/wp\/v2\/pages\/85\/revisions"}],"predecessor-version":[{"id":443,"href":"http:\/\/anyapicilanya.hu\/index.php?rest_route=\/wp\/v2\/pages\/85\/revisions\/443"}],"wp:attachment":[{"href":"http:\/\/anyapicilanya.hu\/index.php?rest_route=%2Fwp%2Fv2%2Fmedia&parent=85"}],"curies":[{"name":"wp","href":"https:\/\/api.w.org\/{rel}","templated":true}]}}