{"id":87,"date":"2019-06-30T14:30:02","date_gmt":"2019-06-30T14:30:02","guid":{"rendered":"http:\/\/anyapicilanya.hu\/?page_id=87"},"modified":"2019-06-30T14:30:02","modified_gmt":"2019-06-30T14:30:02","slug":"elerhetoseg","status":"publish","type":"page","link":"http:\/\/anyapicilanya.hu\/?page_id=87","title":{"rendered":"El\u00e9rhet\u0151s\u00e9g"},"content":{"rendered":"<p>Ez egy n\u00e9h\u00e1ny kapcsolati adatot, mint pl. c\u00edm, telefonsz\u00e1m, tartalmaz\u00f3 oldal. Lehet b\u0151v\u00edtm\u00e9nyt is haszn\u00e1lni egy kapcsolati \u0171rlap beilleszt\u00e9s\u00e9hez.<\/p>\n","protected":false},"excerpt":{"rendered":"<p>Ez egy n\u00e9h\u00e1ny kapcsolati adatot, mint pl. c\u00edm, telefonsz\u00e1m, tartalmaz\u00f3 oldal. Lehet b\u0151v\u00edtm\u00e9nyt is haszn\u00e1lni egy kapcsolati \u0171rlap beilleszt\u00e9s\u00e9hez.<\/p>\n","protected":false},"author":1,"featured_media":82,"parent":0,"menu_order":0,"comment_status":"closed","ping_status":"closed","template":"","meta":{"footnotes":""},"class_list":["post-87","page","type-page","status-publish","has-post-thumbnail","hentry","entry","simple"],"_links":{"self":[{"href":"http:\/\/anyapicilanya.hu\/index.php?rest_route=\/wp\/v2\/pages\/87"}],"collection":[{"href":"http:\/\/anyapicilanya.hu\/index.php?rest_route=\/wp\/v2\/pages"}],"about":[{"href":"http:\/\/anyapicilanya.hu\/index.php?rest_route=\/wp\/v2\/types\/page"}],"author":[{"embeddable":true,"href":"http:\/\/anyapicilanya.hu\/index.php?rest_route=\/wp\/v2\/users\/1"}],"replies":[{"embeddable":true,"href":"http:\/\/anyapicilanya.hu\/index.php?rest_route=%2Fwp%2Fv2%2Fcomments&post=87"}],"version-history":[{"count":1,"href":"http:\/\/anyapicilanya.hu\/index.php?rest_route=\/wp\/v2\/pages\/87\/revisions"}],"predecessor-version":[{"id":93,"href":"http:\/\/anyapicilanya.hu\/index.php?rest_route=\/wp\/v2\/pages\/87\/revisions\/93"}],"wp:featuredmedia":[{"embeddable":true,"href":"http:\/\/anyapicilanya.hu\/index.php?rest_route=\/wp\/v2\/media\/82"}],"wp:attachment":[{"href":"http:\/\/anyapicilanya.hu\/index.php?rest_route=%2Fwp%2Fv2%2Fmedia&parent=87"}],"curies":[{"name":"wp","href":"https:\/\/api.w.org\/{rel}","templated":true}]}}